{"id":2897,"date":"2021-10-19T13:02:35","date_gmt":"2021-10-19T11:02:35","guid":{"rendered":"https:\/\/gruendungsfabrik-rheingau.de\/?post_type=tribe_events&#038;p=2897"},"modified":"2021-11-03T17:57:22","modified_gmt":"2021-11-03T16:57:22","slug":"ringvorlesung-von-der-idee-bis-zur-gruendung-8","status":"publish","type":"tribe_events","link":"https:\/\/gruendungsfabrik-rheingau.de\/en\/kalender\/ringvorlesung-von-der-idee-bis-zur-gruendung-8\/","title":{"rendered":"Ringvorlesung von der Idee bis zur Gr\u00fcndung (en)"},"content":{"rendered":"<p>Auf deinem Weg zum Gr\u00fcnder und Arbeitgeber musst du dich auch mit Themen der Kranken- und Sozialversicherung auseinandersetzen. Hier erf\u00e4hrst du Antworten auf relevante Fragen dazu, z.B.:<\/p>\n<ol>\n<li>Wann \u00e4ndert sich mein Versicherungsstatus vom Student zum Selbst\u00e4ndigen?<\/li>\n<li>Bist du als Gr\u00fcnder besser privat oder gesetzlich versichert?<\/li>\n<li>Was kommen f\u00fcr Lohnnebenkosten im Bereich der Sozialversicherung als Arbeitgeber auf mich zu?<\/li>\n<\/ol>\n<p>Nikolaos Nakas, Startup Consultant bei Techniker Krankenkasse, teilt uns seine Erfahrung mit und beantwortet Eure Fragen. Jetzt kostenlos anmelden. Wir freuen uns auf Euch!<\/p>\n","protected":false},"excerpt":{"rendered":"<p>Auf deinem Weg zum Gr\u00fcnder und Arbeitgeber musst du dich auch mit Themen der Kranken- und Sozialversicherung auseinandersetzen. Hier erf\u00e4hrst du Antworten auf relevante Fragen dazu, z.B.: Wann \u00e4ndert sich [&hellip;]<\/p>\n","protected":false},"author":1,"featured_media":0,"template":"","meta":{"_acf_changed":false,"_tribe_events_status":"","_tribe_events_status_reason":"","_tribe_events_is_hybrid":"","_tribe_events_is_virtual":"","_tribe_events_virtual_video_source":"","_tribe_events_virtual_embed_video":"","_tribe_events_virtual_linked_button_text":"","_tribe_events_virtual_linked_button":"","_tribe_events_virtual_show_embed_at":"","_tribe_events_virtual_show_embed_to":[],"_tribe_events_virtual_show_on_event":"","_tribe_events_virtual_show_on_views":"","_tribe_events_virtual_url":"","footnotes":""},"tags":[],"tribe_events_cat":[],"class_list":["post-2897","tribe_events","type-tribe_events","status-publish","hentry"],"acf":[],"_links":{"self":[{"href":"https:\/\/gruendungsfabrik-rheingau.de\/en\/wp-json\/wp\/v2\/tribe_events\/2897","targetHints":{"allow":["GET"]}}],"collection":[{"href":"https:\/\/gruendungsfabrik-rheingau.de\/en\/wp-json\/wp\/v2\/tribe_events"}],"about":[{"href":"https:\/\/gruendungsfabrik-rheingau.de\/en\/wp-json\/wp\/v2\/types\/tribe_events"}],"author":[{"embeddable":true,"href":"https:\/\/gruendungsfabrik-rheingau.de\/en\/wp-json\/wp\/v2\/users\/1"}],"version-history":[{"count":3,"href":"https:\/\/gruendungsfabrik-rheingau.de\/en\/wp-json\/wp\/v2\/tribe_events\/2897\/revisions"}],"predecessor-version":[{"id":3487,"href":"https:\/\/gruendungsfabrik-rheingau.de\/en\/wp-json\/wp\/v2\/tribe_events\/2897\/revisions\/3487"}],"wp:attachment":[{"href":"https:\/\/gruendungsfabrik-rheingau.de\/en\/wp-json\/wp\/v2\/media?parent=2897"}],"wp:term":[{"taxonomy":"post_tag","embeddable":true,"href":"https:\/\/gruendungsfabrik-rheingau.de\/en\/wp-json\/wp\/v2\/tags?post=2897"},{"taxonomy":"tribe_events_cat","embeddable":true,"href":"https:\/\/gruendungsfabrik-rheingau.de\/en\/wp-json\/wp\/v2\/tribe_events_cat?post=2897"}],"curies":[{"name":"wp","href":"https:\/\/api.w.org\/{rel}","templated":true}]}}

Ringvorlesung von der Idee bis zur Gründung (en)

<p>Auf deinem Weg zum Gründer und Arbeitgeber musst du dich auch mit Themen der Kranken- und Sozialversicherung auseinandersetzen. Hier erfährst du Antworten auf relevante Fragen dazu, z.B.:</p>
<ol>
<li>Wann ändert sich mein Versicherungsstatus vom Student zum Selbständigen?</li>
<li>Bist du als Gründer besser privat oder gesetzlich versichert?</li>
<li>Was kommen für Lohnnebenkosten im Bereich der Sozialversicherung als Arbeitgeber auf mich zu?</li>
</ol>
<p>Nikolaos Nakas, Startup Consultant bei Techniker Krankenkasse, teilt uns seine Erfahrung mit und beantwortet Eure Fragen. Jetzt kostenlos anmelden. Wir freuen uns auf Euch!</p>

<p>Auf deinem Weg zum Gründer und Arbeitgeber musst du dich auch mit Themen der Kranken- und Sozialversicherung auseinandersetzen. Hier erfährst du Antworten auf relevante Fragen dazu, z.B.: Wann ändert sich [&hellip;]</p>
